{"id":19064,"date":"2016-09-14T15:02:10","date_gmt":"2016-09-14T15:02:10","guid":{"rendered":"http:\/\/rossirevestimentos.com.br\/home\/?post_type=product&#038;p=19064"},"modified":"2016-09-14T17:15:22","modified_gmt":"2016-09-14T17:15:22","slug":"pastilha-jatoba-decoracao-jd4706-verde-antilhas","status":"publish","type":"product","link":"https:\/\/rossirevestimentos.com.br\/home\/loja\/pastilhas\/porcelana\/decoracao\/pastilha-jatoba-decoracao-jd4706-verde-antilhas\/","title":{"rendered":"Pastilha Jatob\u00e1 Decora\u00e7\u00e3o JD4706 Verde Antilhas"},"content":{"rendered":"","protected":false},"excerpt":{"rendered":"<p>Refer\u00eancia\u00a0JD4706 &#8211; Verde Antilhas 5x5cm e 2,5x5cm.<\/p>\n[imageframe lightbox=\"no\" lightbox_image=\"\" style_type=\"none\" hover_type=\"none\" bordercolor=\"\" bordersize=\"0px\" borderradius=\"0\" stylecolor=\"\" align=\"none\" link=\"\" linktarget=\"_self\" animation_type=\"0\" animation_direction=\"down\" animation_speed=\"0.1\" animation_offset=\"\" class=\"\" id=\"\"]<img decoding=\"async\" src=\"http:\/\/rossirevestimentos.com.br\/home\/wp-content\/uploads\/2016\/09\/JD_4706-TRAMA.jpg\" alt=\"\" width=\"200px\" height=\"200px\" \/>[\/imageframe]\n","protected":false},"featured_media":19034,"comment_status":"closed","ping_status":"closed","template":"","meta":[],"product_brand":[],"product_cat":[120,28,29],"product_tag":[121,89,117,88],"class_list":{"0":"post-19064","1":"product","2":"type-product","3":"status-publish","4":"has-post-thumbnail","6":"product_cat-decoracao","7":"product_cat-pastilhas","8":"product_cat-porcelana","9":"product_tag-decoracao","10":"product_tag-jatoba","11":"product_tag-pastilhas","12":"product_tag-porcelana","14":"first","15":"instock","16":"shipping-taxable","17":"product-type-simple"},"_links":{"self":[{"href":"https:\/\/rossirevestimentos.com.br\/home\/wp-json\/wp\/v2\/product\/19064","targetHints":{"allow":["GET"]}}],"collection":[{"href":"https:\/\/rossirevestimentos.com.br\/home\/wp-json\/wp\/v2\/product"}],"about":[{"href":"https:\/\/rossirevestimentos.com.br\/home\/wp-json\/wp\/v2\/types\/product"}],"replies":[{"embeddable":true,"href":"https:\/\/rossirevestimentos.com.br\/home\/wp-json\/wp\/v2\/comments?post=19064"}],"wp:featuredmedia":[{"embeddable":true,"href":"https:\/\/rossirevestimentos.com.br\/home\/wp-json\/wp\/v2\/media\/19034"}],"wp:attachment":[{"href":"https:\/\/rossirevestimentos.com.br\/home\/wp-json\/wp\/v2\/media?parent=19064"}],"wp:term":[{"taxonomy":"product_brand","embeddable":true,"href":"https:\/\/rossirevestimentos.com.br\/home\/wp-json\/wp\/v2\/product_brand?post=19064"},{"taxonomy":"product_cat","embeddable":true,"href":"https:\/\/rossirevestimentos.com.br\/home\/wp-json\/wp\/v2\/product_cat?post=19064"},{"taxonomy":"product_tag","embeddable":true,"href":"https:\/\/rossirevestimentos.com.br\/home\/wp-json\/wp\/v2\/product_tag?post=19064"}],"curies":[{"name":"wp","href":"https:\/\/api.w.org\/{rel}","templated":true}]}}