{"id":18902,"date":"2016-09-12T15:13:39","date_gmt":"2016-09-12T15:13:39","guid":{"rendered":"http:\/\/rossirevestimentos.com.br\/home\/?page_id=18902"},"modified":"2016-09-26T18:03:53","modified_gmt":"2016-09-26T18:03:53","slug":"rossi-resolve","status":"publish","type":"page","link":"https:\/\/rossirevestimentos.com.br\/home\/rossi-resolve\/","title":{"rendered":"Rossi Resolve"},"content":{"rendered":"<div class=\"imageframe-align-center\"><span class=\"fusion-imageframe imageframe-none imageframe-1 hover-type-none\"> <img decoding=\"async\" alt=\"\" src=\"http:\/\/rossirevestimentos.com.br\/home\/wp-content\/uploads\/2016\/09\/rossi_resolve_banner-300x174.png\" class=\"img-responsive\"\/><\/span><\/div><div class=\"fusion-sep-clear\"><\/div><div class=\"fusion-separator fusion-full-width-sep sep-none\" style=\"border-color:#e0dede;margin-left: auto;margin-right: auto;margin-top:25px;margin-bottom:25px;\"><\/div><div class=\"fusion-content-boxes content-boxes columns fusion-columns-1 fusion-columns-total-1 fusion-content-boxes-1 content-boxes-clean-horizontal row content-left content-boxes-icon-on-side\" id=\"cx\" data-animationOffset=\"100%\" style=\"margin-top:0px;margin-bottom:60px;\"><style type=\"text\/css\" scoped=\"scoped\">\n\t\t\t.fusion-content-boxes-1 .fusion-content-box-hover .link-area-link-icon-hover .heading h2,\n\t\t\t.fusion-content-boxes-1 .fusion-content-box-hover .link-area-link-icon-hover .heading .heading-link h2,\n\t\t\t.fusion-content-boxes-1 .fusion-content-box-hover .link-area-box-hover .heading h2,\n\t\t\t.fusion-content-boxes-1 .fusion-content-box-hover .link-area-box-hover .heading .heading-link h2,\n\t\t\t.fusion-content-boxes-1 .fusion-content-box-hover .link-area-link-icon-hover.link-area-box .fusion-read-more,\n\t\t\t.fusion-content-boxes-1 .fusion-content-box-hover .link-area-link-icon-hover.link-area-box .fusion-read-more::after,\n\t\t\t.fusion-content-boxes-1 .fusion-content-box-hover .link-area-link-icon-hover.link-area-box .fusion-read-more::before,\n\t\t\t.fusion-content-boxes-1 .fusion-content-box-hover .fusion-read-more:hover:after,\n\t\t\t.fusion-content-boxes-1 .fusion-content-box-hover .fusion-read-more:hover:before,\n\t\t\t.fusion-content-boxes-1 .fusion-content-box-hover .fusion-read-more:hover,\n\t\t\t.fusion-content-boxes-1 .fusion-content-box-hover .link-area-box-hover.link-area-box .fusion-read-more,\n\t\t\t.fusion-content-boxes-1 .fusion-content-box-hover .link-area-box-hover.link-area-box .fusion-read-more::after,\n\t\t\t.fusion-content-boxes-1 .fusion-content-box-hover .link-area-box-hover.link-area-box .fusion-read-more::before,\t\t\t\n\t\t\t.fusion-content-boxes-1 .fusion-content-box-hover .link-area-link-icon-hover .icon .circle-no,\n\t\t\t.fusion-content-boxes-1 .fusion-content-box-hover .link-area-box-hover .icon .circle-no {\n\t\t\t\tcolor: #aa1e2e !important;\n\t\t\t}\n\t\t\t.fusion-content-boxes-1 .fusion-content-box-hover .heading-link:hover .icon i.circle-yes,\n\t\t\t.fusion-content-boxes-1 .fusion-content-box-hover .link-area-box:hover .heading-link .icon i.circle-yes,\n\t\t\t.fusion-content-boxes-1 .fusion-content-box-hover .link-area-link-icon-hover .heading .icon i.circle-yes,\n\t\t\t.fusion-content-boxes-1 .fusion-content-box-hover .link-area-box-hover .heading .icon i.circle-yes {\n\t\t\t\tbackground-color: #aa1e2e !important;\n\t\t\t\tborder-color: #aa1e2e !important;\n\t\t\t}<\/style><div style=\"border-color:#333333;\" class=\"fusion-column content-box-column content-box-column-1 col-lg-12 col-md-12 col-sm-12 fusion-content-box-hover content-box-column-last content-box-column-last-in-row\"><div class=\"col content-wrapper-background link-area-link-icon icon-hover-animation-fade\" style=\"background-color:#1f4c46;\"><div class=\"fusion-clearfix\"><\/div><div class=\"content-container\" style=\"color:#ffffff;\">\n<p class=\"p1\" style=\"text-align: center; font-size: 16px;\"><span class=\"s1\">A Rossi Resolve \u00e9 uma empresa do Grupo Rossi que h\u00e1 mais de 30 anos oferece ao mercado solu\u00e7\u00f5es em revestimentos.<\/span><\/p>\n<p class=\"p1\" style=\"text-align: center; font-size: 16px;\"><span class=\"s1\">A Rossi Resolve \u00e9 o resultado de toda esta <em>expertise<\/em> de mercado, que vem agora oferecer um novo e diferenciado servi\u00e7o aos condom\u00ednios.<\/span><\/p>\n<\/div><\/div><\/div><div class=\"fusion-clearfix\"><\/div><div class=\"fusion-clearfix\"><\/div><\/div><div class=\"fusion-one-full fusion-layout-column fusion-column-last fusion-spacing-yes\" style=\"margin-top:15px;margin-bottom:15px;\"><div class=\"fusion-column-wrapper\"><div class=\"fusion-title title fusion-title-size-two\" style=\"margin-bottom:30px;\"><h2 class=\"title-heading-left\">Problemas de conserva\u00e7\u00e3o?<\/h2><div class=\"title-sep-container\"><div class=\"title-sep sep-single\"><\/div><\/div><\/div><p class=\"p1\"><span class=\"s1\">Temos a solu\u00e7\u00e3o para as pastilhas fora de linha do seu condom\u00ednio. Somos especializados em servi\u00e7os de restaura\u00e7\u00e3o de revestimentos, seja cer\u00e2mica ou porcelana fora de linha.<\/span><\/p>\n<p class=\"p1\"><span class=\"s1\">Trabalhamos com todas as dimens\u00f5es de pastilhas, incluindo cer\u00e2micas, porcelanatos e pedras naturais. Os produtos passam por uma avalia\u00e7\u00e3o e classifica\u00e7\u00e3o para limpeza.<\/span><\/p>\n<div class=\"fusion-clearfix\"><\/div><\/div><\/div><div class=\"fusion-clearfix\"><\/div><div class=\"fusion-sep-clear\"><\/div><div class=\"fusion-separator fusion-full-width-sep sep-none\" style=\"border-color:#e0dede;margin-left: auto;margin-right: auto;margin-top:20px;margin-bottom:20px;\"><\/div><div class=\"imageframe-align-center\"><span class=\"fusion-imageframe imageframe-none imageframe-2 hover-type-none\"> <img decoding=\"async\" alt=\"\" src=\"http:\/\/rossirevestimentos.com.br\/home\/wp-content\/uploads\/2016\/09\/processo_restauro_rossi-1-1024x149.png\" class=\"img-responsive\"\/><\/span><\/div><div class=\"fusion-sep-clear\"><\/div><div class=\"fusion-separator fusion-full-width-sep sep-none\" style=\"border-color:#e0dede;margin-left: auto;margin-right: auto;margin-top:20px;margin-bottom:20px;\"><\/div><div class=\"fusion-one-fourth fusion-layout-column fusion-spacing-yes\" style=\"margin-top:15px;margin-bottom:15px;\"><div class=\"fusion-column-wrapper\"><span style=\"-webkit-border-radius:20px;-moz-border-radius:20px;border-radius:20px;-moz-box-shadow: 0 0 3px rgba(0,0,0,.3);-webkit-box-shadow: 0 0 3px rgba(0,0,0,.3);box-shadow: 0 0 3px rgba(0,0,0,.3);\" class=\"fusion-imageframe imageframe-glow imageframe-3 hover-type-none\"> <img decoding=\"async\" alt=\"\" src=\"http:\/\/rossirevestimentos.com.br\/home\/wp-content\/uploads\/2016\/09\/resolve1.jpg\" class=\"img-responsive\" style=\"-webkit-border-radius:20px;-moz-border-radius:20px;border-radius:20px;\"\/><\/span><div class=\"fusion-clearfix\"><\/div><\/div><\/div><div class=\"fusion-one-fourth fusion-layout-column fusion-spacing-yes\" style=\"margin-top:15px;margin-bottom:15px;\"><div class=\"fusion-column-wrapper\"><span style=\"-webkit-border-radius:20px;-moz-border-radius:20px;border-radius:20px;-moz-box-shadow: 0 0 3px rgba(0,0,0,.3);-webkit-box-shadow: 0 0 3px rgba(0,0,0,.3);box-shadow: 0 0 3px rgba(0,0,0,.3);\" class=\"fusion-imageframe imageframe-glow imageframe-4 hover-type-none\"> <img decoding=\"async\" alt=\"\" src=\"http:\/\/rossirevestimentos.com.br\/home\/wp-content\/uploads\/2016\/09\/resolve2.jpg\" class=\"img-responsive\" style=\"-webkit-border-radius:20px;-moz-border-radius:20px;border-radius:20px;\"\/><\/span><div class=\"fusion-clearfix\"><\/div><\/div><\/div><div class=\"fusion-one-fourth fusion-layout-column fusion-spacing-yes\" style=\"margin-top:15px;margin-bottom:15px;\"><div class=\"fusion-column-wrapper\"><span style=\"-webkit-border-radius:20px;-moz-border-radius:20px;border-radius:20px;-moz-box-shadow: 0 0 3px rgba(0,0,0,.3);-webkit-box-shadow: 0 0 3px rgba(0,0,0,.3);box-shadow: 0 0 3px rgba(0,0,0,.3);\" class=\"fusion-imageframe imageframe-glow imageframe-5 hover-type-none\"> <img decoding=\"async\" alt=\"\" src=\"http:\/\/rossirevestimentos.com.br\/home\/wp-content\/uploads\/2016\/09\/resolve3.jpg\" class=\"img-responsive\" style=\"-webkit-border-radius:20px;-moz-border-radius:20px;border-radius:20px;\"\/><\/span><div class=\"fusion-clearfix\"><\/div><\/div><\/div><div class=\"fusion-one-fourth fusion-layout-column fusion-column-last fusion-spacing-yes\" style=\"margin-top:15px;margin-bottom:15px;\"><div class=\"fusion-column-wrapper\"><span style=\"-webkit-border-radius:20px;-moz-border-radius:20px;border-radius:20px;-moz-box-shadow: 0 0 3px rgba(0,0,0,.3);-webkit-box-shadow: 0 0 3px rgba(0,0,0,.3);box-shadow: 0 0 3px rgba(0,0,0,.3);\" class=\"fusion-imageframe imageframe-glow imageframe-6 hover-type-none\"> <img decoding=\"async\" alt=\"\" src=\"http:\/\/rossirevestimentos.com.br\/home\/wp-content\/uploads\/2016\/09\/resolve4.jpg\" class=\"img-responsive\" style=\"-webkit-border-radius:20px;-moz-border-radius:20px;border-radius:20px;\"\/><\/span><div class=\"fusion-clearfix\"><\/div><\/div><\/div><div class=\"fusion-clearfix\"><\/div><div class=\"fusion-sep-clear\"><\/div><div class=\"fusion-separator fusion-full-width-sep sep-none\" style=\"border-color:#e0dede;margin-left: auto;margin-right: auto;margin-top:10px;margin-bottom:10px;\"><\/div><style type='text\/css'>.reading-box-container-1 .element-bottomshadow:before,.reading-box-container-1 .element-bottomshadow:after{opacity:0.7;}<\/style><div class=\"fusion-reading-box-container reading-box-container-1\" style=\"margin-bottom:84px;\"><div class=\"reading-box reading-box-center\" style=\"background-color:#f6f6f6;border-width:1px;border-color:#f6f6f6;border-bottom-width:3px;border-bottom-color:#aa1e2e;border-style:solid;\"><h2>Solicite agora seu or\u00e7amento!<\/h2><div class=\"reading-box-description\">Condi\u00e7\u00f5es Especiais! <\/div><div class=\"reading-box-additional\"><\/div><a class=\"button fusion-button button-default button-pill fusion-button-medium button-medium button-flat fusion-mobile-button continue-center\" style=\"-webkit-box-shadow:none;-moz-box-shadow:none;box-shadow:none;\" href=\"#\" target=\"_self\"><span>CLIQUE AQUI<\/span><\/a><\/div><\/div>\n","protected":false},"excerpt":{"rendered":"","protected":false},"author":1,"featured_media":0,"parent":0,"menu_order":0,"comment_status":"closed","ping_status":"closed","template":"","meta":{"footnotes":""},"class_list":["post-18902","page","type-page","status-publish","hentry"],"_links":{"self":[{"href":"https:\/\/rossirevestimentos.com.br\/home\/wp-json\/wp\/v2\/pages\/18902","targetHints":{"allow":["GET"]}}],"collection":[{"href":"https:\/\/rossirevestimentos.com.br\/home\/wp-json\/wp\/v2\/pages"}],"about":[{"href":"https:\/\/rossirevestimentos.com.br\/home\/wp-json\/wp\/v2\/types\/page"}],"author":[{"embeddable":true,"href":"https:\/\/rossirevestimentos.com.br\/home\/wp-json\/wp\/v2\/users\/1"}],"replies":[{"embeddable":true,"href":"https:\/\/rossirevestimentos.com.br\/home\/wp-json\/wp\/v2\/comments?post=18902"}],"version-history":[{"count":26,"href":"https:\/\/rossirevestimentos.com.br\/home\/wp-json\/wp\/v2\/pages\/18902\/revisions"}],"predecessor-version":[{"id":19278,"href":"https:\/\/rossirevestimentos.com.br\/home\/wp-json\/wp\/v2\/pages\/18902\/revisions\/19278"}],"wp:attachment":[{"href":"https:\/\/rossirevestimentos.com.br\/home\/wp-json\/wp\/v2\/media?parent=18902"}],"curies":[{"name":"wp","href":"https:\/\/api.w.org\/{rel}","templated":true}]}}